{"id":20,"date":"2013-12-01T04:09:29","date_gmt":"2013-12-01T04:09:29","guid":{"rendered":"http:\/\/bakhroom.ru\/drkirbas\/?page_id=20"},"modified":"2013-12-01T04:09:29","modified_gmt":"2013-12-01T04:09:29","slug":"iletisim","status":"publish","type":"page","link":"https:\/\/drkirbas.com\/?page_id=20","title":{"rendered":"\u0130leti\u015fim"},"content":{"rendered":"<p><strong>Cep Telefon:<\/strong> 0 532 235 2359<br \/>\n<strong>E-Mail:<\/strong> drkirbas@gmail.com<br \/>\ndkirbas@nobiva.org<br \/>\ndurunkirbas@istanbul.edu.tr<br \/>\n<strong>Facebook:<\/strong> <a title=\"Prof. Dr. Dursun K\u0131rba\u015f'\u0131n Facebook sayfas\u0131\" href=\"https:\/\/www.facebook.com\/profile.php?id=619508679\" target=\"_blank\">Dursun K\u0131rba\u015f<\/a><\/p>\n","protected":false},"excerpt":{"rendered":"<p>Cep Telefon: 0 532 235 2359 E-Mail: drkirbas@gmail.com dkirbas@nobiva.org durunkirbas@istanbul.edu.tr Facebook: Dursun K\u0131rba\u015f<\/p>\n","protected":false},"author":1,"featured_media":0,"parent":0,"menu_order":0,"comment_status":"closed","ping_status":"closed","template":"page-templates\/full-width.php","meta":[],"_links":{"self":[{"href":"https:\/\/drkirbas.com\/index.php?rest_route=\/wp\/v2\/pages\/20"}],"collection":[{"href":"https:\/\/drkirbas.com\/index.php?rest_route=\/wp\/v2\/pages"}],"about":[{"href":"https:\/\/drkirbas.com\/index.php?rest_route=\/wp\/v2\/types\/page"}],"author":[{"embeddable":true,"href":"https:\/\/drkirbas.com\/index.php?rest_route=\/wp\/v2\/users\/1"}],"replies":[{"embeddable":true,"href":"https:\/\/drkirbas.com\/index.php?rest_route=%2Fwp%2Fv2%2Fcomments&post=20"}],"version-history":[{"count":0,"href":"https:\/\/drkirbas.com\/index.php?rest_route=\/wp\/v2\/pages\/20\/revisions"}],"wp:attachment":[{"href":"https:\/\/drkirbas.com\/index.php?rest_route=%2Fwp%2Fv2%2Fmedia&parent=20"}],"curies":[{"name":"wp","href":"https:\/\/api.w.org\/{rel}","templated":true}]}}